 the highest common divisor of 264 and 184?
8
Calculate the greatest common factor of 585 and 165.
15
What is the highest common factor of 20 and 3?
1
What is the greatest common factor of 33 and 3?
3
What is the greatest common divisor of 2 and 442?
2
Calculate the highest common factor of 8 and 52.
4
What is the highest common factor of 8 and 109784?
8
Calculate the highest common divisor of 33 and 759.
33
What is the highest common factor of 841 and 638?
29
Calculate the greatest common factor of 6144 and 24.
24
Calculate the highest common factor of 1300 and 65.
65
What is the greatest common factor of 306 and 234?
18
Calculate the highest common factor of 32 and 1848.
8
What is the highest common divisor of 19 and 57?
19
Calculate the highest common factor of 396 and 22.
22
Calculate the highest common factor of 630 and 140.
70
What is the greatest common divisor of 1 and 509?
1
What is the highest common divisor of 54 and 6462?
18
What is the highest common factor of 40 and 1090?
10
What is the highest common divisor of 280 and 60?
20
Calculate the highest common divisor of 1 and 1.
1
Calculate the greatest common factor of 621 and 135.
27
Calculate the greatest common factor of 8 and 420.
4
What is the highest common factor of 5427 and 567?
81
What is the greatest common factor of 135 and 63?
9
Calculate the greatest common factor of 156 and 204.
12
What is the greatest common factor of 437 and 133?
19
What is the highest common divisor of 180 and 810?
90
What is the greatest common divisor of 298 and 9536?
298
Calculate the highest common factor of 88 and 8.
8
What is the greatest common divisor of 304 and 88?
8
What is the highest common divisor of 219 and 27083?
73
Calculate the highest common divisor of 6937 and 14.
7
Calculate the highest common divisor of 15384 and 96.
24
Calculate the greatest common factor of 3567 and 984.
123
Calculate the highest common factor of 504 and 60.
12
Calculate the highest common divisor of 847 and 22.
11
What is the greatest common divisor of 5173 and 14?
7
Calculate the highest common factor of 105 and 273.
21
What is the greatest common divisor of 486 and 9?
9
What is the greatest common divisor of 7808 and 96?
32
Calculate the greatest common divisor of 41 and 164.
41
Calculate the greatest common factor of 194 and 16.
2
What is the highest common factor of 793 and 338?
13
What is the highest common divisor of 2346 and 18?
6
What is the highest common divisor of 12 and 816?
12
What is the greatest common factor of 28 and 1204?
28
Calculate the greatest common factor of 20 and 810.
10
Calculate the highest common divisor of 391 and 17.
17
What is the highest common factor of 3030 and 120?
30
What is the greatest common factor of 533 and 164?
41
Calculate the greatest common divisor of 15 and 8940.
15
What is the highest common factor of 48 and 2544?
48
Calculate the highest common divisor of 20228 and 52.
52
Calculate the greatest common factor of 506 and 22.
22
What is the greatest common divisor of 110 and 10?
10
Calculate the highest common divisor of 735 and 105.
105
What is the highest common divisor of 36 and 828?
36
Calculate the greatest common factor of 95 and 38.
19
What is the highest common factor of 483 and 41216?
161
What is the highest common factor of 814 and 74?
74
What is the highest common factor of 35 and 50?
5
What is the highest common divisor of 1472 and 874?
46
Calculate the highest common divisor of 104 and 424.
8
Calculate the highest common factor of 81 and 8604.
9
What is the greatest common divisor of 36 and 9?
9
What is the highest common divisor of 172 and 2150?
86
Calculate the highest common factor of 150 and 1938.
6
Calculate the greatest common factor of 93 and 3.
3
Calculate the highest common divisor of 8 and 11464.
8
Calculate the greatest common divisor of 5175 and 138.
69
Calculate the greatest common factor of 72 and 108.
36
What is the greatest common factor of 175 and 25?
25
What is the highest common factor of 147 and 63?
21
What is the highest common factor of 900 and 27?
9
Calculate the greatest common divisor of 1305 and 45.
45
Calculate the greatest common factor of 992 and 558.
62
What is the greatest common divisor of 15255 and 270?
135
Calculate the highest common divisor of 5015 and 425.
85
What is the greatest common divisor of 221 and 323?
17
What is the greatest common factor of 44 and 28?
4
What is the greatest common factor of 306 and 117?
9
What is the highest common factor of 1565 and 5?
5
What is the highest common factor of 42 and 156?
6
What is the greatest common divisor of 5238 and 54?
54
Calculate the highest common divisor of 21 and 91.
7
What is the highest common divisor of 175 and 105?
35
Calculate the greatest common factor of 1255 and 15.
5
Calculate the highest common divisor of 432 and 16.
16
What is the greatest common divisor of 215 and 1462?
43
What is the greatest common factor of 4 and 108?
4
Calculate the highest common factor of 3404 and 276.
92
What is the highest common factor of 42 and 5775?
21
Calculate the highest common divisor of 14988 and 12.
12
Calculate the greatest common factor of 37 and 8.
1
What is the greatest common divisor of 74 and 629?
37
Calculate the highest common factor of 1 and 41.
1
Calculate the highest common divisor of 59 and 15517.
59
What is the highest common divisor of 12931 and 67?
67
Calculate the highest common divisor of 520 and 56.
8
Calculate the highest common factor of 78 and 273.
39
Calculate the greatest common divisor of 319 and 99.
11
Calculate the greatest common divisor of 15 and 5415.
15
Calculate the greatest common divisor of 629 and 37.
37
What is the highest common divisor of 154 and 161?
7
Calculate the greatest common divisor of 70 and 266.
14
What is the greatest common divisor of 16130 and 20?
10
What is the greatest common divisor of 340 and 20?
20
Calculate the greatest common factor of 67 and 201.
67
Calculate the highest common factor of 42 and 942.
6
Calculate the highest common factor of 224 and 16.
16
What is the highest common factor of 5 and 17?
1
What is the highest common divisor of 12 and 246?
6
What is the highest common divisor of 87 and 3?
3
What is the greatest common factor of 18 and 2268?
18
What is the greatest common factor of 10982 and 38?
38
What is the greatest common divisor of 915 and 15?
15
Calculate the greatest common divisor of 9 and 117.
9
Calculate the greatest common factor of 18 and 99.
9
Calculate the highest common factor of 371 and 106.
53
Calculate the highest common factor of 344 and 430.
86
Calculate the greatest common factor of 3 and 417.
3
What is the highest common factor of 475 and 50?
25
Calculate the highest common factor of 1036 and 444.
148
Calculate the highest common divisor of 63 and 441.
63
Calculate the highest common divisor of 9 and 2037.
3
What is the greatest common factor of 512 and 896?
128
Calculate the greatest common divisor of 40 and 270.
10
What is the highest common divisor of 592 and 74?
74
What is the highest common factor of 11 and 1133?
11
What is the greatest common divisor of 5311 and 113?
113
What is the greatest common divisor of 486 and 18?
18
What is the greatest common factor of 81 and 189?
27
Calculate the greatest common divisor of 1170 and 90.
90
Calculate the highest common factor of 208 and 144.
16
Calculate the greatest common divisor of 49 and 581.
7
What is the highest common factor of 12 and 360?
12
What is the greatest common factor of 59 and 649?
59
What is the highest common divisor of 3151 and 548?
137
What is the highest common factor of 4928 and 154?
154
Calculate the greatest common factor of 263 and 1.
1
Calculate the highest common divisor of 18 and 82.
2
What is the highest common divisor of 32 and 112?
16
What is the highest common factor of 300 and 305?
5
Calculate the highest common factor of 946 and 44.
22
What is the greatest common factor of 22 and 2739?
11
Calculate the highest common factor of 22 and 2563.
11
What is the greatest common factor of 1632 and 864?
96
What is the greatest common factor of 17528 and 224?
56
What is the highest common divisor of 265 and 6413?
53
Calculate the greatest common divisor of 60 and 5370.
30
What is the greatest common div